2 - 177*w + 235. Give z(-27).
-89
Let b(w) = -2*w**2 + 481*w + 7126. Determine b(-14).
0
Let k(s) = 22*s**2 - 109*s - 16. What is k(5)?
-11
Let n(r) = 141*r + 11. Calculate n(-1).
-130
Let s(p) = -4*p**2 - 75*p + 2115. What is s(-34)?
41
Let a(k) = 7*k**2 + 15*k - 13. Give a(-3).
5
Let m(z) = -547*z + 10342. What is m(19)?
-51
Let r(s) = 7*s**2 - 5*s + 231. Determine r(0).
231
Let x(v) = -38*v + 164. Determine x(0).
164
Let v(l) = -l**2 + 22*l + 231. What is v(31)?
-48
Let w(x) = -34*x + 730. Determine w(26).
-154
Let k(h) = -h**3 - 5*h**2 + 26*h + 53. Determine k(-2).
-11
Let i(b) = b**3 - 156*b**2 - 5150*b + 67. Calculate i(-28).
11
Let x(q) = -q**2 - 166*q - 174. Calculate x(0).
-174
Let z(v) = -v**2 - 29*v + 586. Calculate z(15).
-74
Let g(v) = -196*v + 393. What is g(1)?
197
Let g(r) = -3*r**3 + 7*r**2 - 17*r + 10. Calculate g(2).
-20
Let w(x) = 324*x**2 - 25. Give w(0).
-25
Let n(l) = l**2 - 41*l + 130. Determine n(37).
-18
Let c(o) = -3*o**3 + 247*o**2 + 168*o - 184. Calculate c(83).
-18
Let f(c) = -2803*c - 5635. What is f(-2)?
-29
Let v(h) = -h**3 - 28*h**2 - 40*h - 1991. Determine v(-29).
10
Let z(b) = 2*b**3 - 28*b**2 - 18*b + 2. What is z(14)?
-250
Let m(r) = -56*r + 13721. Calculate m(245).
1
Let q(f) = 998*f + 19971. Calculate q(-20).
11
Let h(t) = -2*t**3 + 4*t**2 + 14*t - 67. Calculate h(4).
-75
Let w(p) = 244*p**2 - 751*p + 64. What is w(3)?
7
Let y(n) = 20*n - 580. What is y(29)?
0
Let b(p) = -9*p**2 - 101*p + 25. Calculate b(-10).
135
Let b(t) = 3*t - 26. What is b(15)?
19
Let q(m) = 2*m**3 - 99*m**2 + 50*m + 54. Determine q(49).
103
Let t(y) = -3*y**3 - 17*y**2 + 3*y + 6. Give t(-7).
181
Let t(k) = k**2 + 235*k + 9890. Give t(-180).
-10
Let b(p) = -206*p**2 + 9477*p - 33. Give b(46).
13
Let d(w) = 262*w - 17813. Determine d(68).
3
Let g(k) = k**3 - 220*k**2 + 204*k + 3279. Calculate g(219).
-6
Let w(a) = -7*a**3 - 90*a**2 + 11*a + 14. Determine w(-13).
40
Let q(g) = -61*g + 72. Determine q(1).
11
Let t(k) = -4*k**2 + 36*k + 26. What is t(9)?
26
Let w(s) = 9*s**2 - 28*s - 130. Calculate w(-6).
362
Let p(x) = -51*x + 256. What is p(3)?
103
Let i(n) = -2*n**2 - 16*n + 488. What is i(12)?
8
Let h(d) = -71*d - 1676. Calculate h(-31).
525
Let w(q) = -66*q - 70. What is w(6)?
-466
Let z(g) = -g**3 - 9*g**2 - 3*g + 13. What is z(-8)?
-27
Let b(t) = t**2 + 41*t - 63. Give b(-45).
117
Let p(t) = -291*t - 1712. Give p(-6).
34
Let o(d) = 3*d**2 + 293*d + 525. Calculate o(-96).
45
Let d(o) = -3*o**2 + 117*o - 423. Calculate d(35).
-3
Let o(a) = 8*a + 513. What is o(-64)?
1
Let u(x) = 7*x**2 - 135*x + 347. Give u(3).
5
Let d(y) = -2*y**3 + 23*y**2 + 10*y - 38. What is d(12)?
-62
Let o(a) = a**3 + 226*a**2 + 2162*a - 3. Give o(-10).
-23
Let v(i) = -2*i + 154. Calculate v(69).
16
Let d(v) = -2*v**2 + 35*v + 5. Give d(14).
103
Let r(n) = -51*n**2 + 19*n - 19. Determine r(1).
-51
Let r(x) = 79*x**2 + 549*x - 34. Calculate r(-7).
-6
Let f(w) = w**3 - 10*w**2 + 7*w + 42. What is f(6)?
-60
Let n(z) = -76*z + 1552. What is n(22)?
-120
Let t(v) = v**2 - 999*v + 16681. What is t(17)?
-13
Let u(q) = -q**2 - 31*q + 47496. Determine u(-234).
-6
Let c(q) = 3*q**3 - 71*q**2 + 56*q - 193. What is c(23)?
37
Let t(k) = -462*k**2 - 43428*k - 1. Determine t(-94).
-1
Let g(v) = -279*v + 5710. Determine g(21).
-149
Let b(d) = 3*d**3 - 35*d**2 - 2*d + 16. What is b(12)?
136
Let c(k) = 8*k - 401. Give c(72).
175
Let u(f) = -17*f**2 - 501*f - 214. Calculate u(-29).
18
Let s(y) = 250*y - 6491. Determine s(26).
9
Let p(s) = 8*s**2 + 2*s - 8. What is p(-3)?
58
Let w(g) = 286*g + 8297. What is w(-29)?
3
Let u(a) = -a**3 - a**2 + 12*a - 12. Give u(4).
-44
Let a(f) = 433*f - 14718. Determine a(34).
4
Let s(v) = -v**3 + 6*v**2 + 32*v + 21. Calculate s(-8).
661
Let s(t) = 10635*t - 42543. Determine s(4).
-3
Let v(x) = 2*x**3 + 75*x**2 + 100*x - 280. What is v(-36)?
8
Let n(o) = -94*o + 1414. Give n(14).
98
Let n(g) = 10*g + 85. Determine n(-4).
45
Let a(w) = w**3 + 2*w**2 - 71*w + 36. Calculate a(7).
-20
Let y(b) = 62*b + 278. What is y(-4)?
30
Let s(g) = 2*g**3 + 161*g**2 - 82*g - 74. What is s(-81)?
7
Let m(d) = d**2 + 26*d + 61. Determine m(-2).
13
Let f(g) = -5*g + 21. Determine f(-22).
131
Let b(g) = -2*g**2 - 111*g - 1267. Give b(-16).
-3
Let r(s) = s**3 + 9*s**2 + 19*s + 33. Determine r(-7).
-2
Let u(q) = -q**3 + 12*q**2 + 98*q - 1122. Determine u(9).
3
Let t(z) = z**3 + 25*z**2 - 226*z - 110. Determine t(-32).
-46
Let x(m) = m**3 + 2*m**2 - 11*m - 6. What is x(-3)?
18
Let u(j) = j + 48. Calculate u(-3).
45
Let x(f) = 35*f - 392. Calculate x(11).
-7
Let o(p) = 12*p**2 + 15*p - 3. Determine o(2).
75
Let m(a) = -2*a**2 + 7*a + 1. Determine m(9).
-98
Let u(o) = 7*o**2 - 57*o + 6. What is u(9)?
60
Let a(t) = -38498*t - 192501. Give a(-5).
-11
Let a(t) = -t + 44. Calculate a(21).
23
Let y(q) = -5*q**2 + 1210*q - 3589. Determine y(3).
-4
Let h(l) = l**2 - 165*l - 4059. Give h(187).
55
Let l(q) = 2*q**3 + 62*q**2 + 13*q + 111. Calculate l(-31).
-292
Let d(p) = p**3 - 34*p**2 + 96*p - 1037. Give d(32).
-13
Let o(y) = y**3 - 16*y**2 + 2*y - 24. Determine o(16).
8
Let f(b) = 2479*b + 32213. What is f(-13)?
-14
Let s(a) = -a**2 - 73*a - 1017. Calculate s(-18).
-27
Let u(q) = -2*q**2 + 20*q + 488. Determine u(21).
26
Let w(i) = 16*i**2 - 369*i + 369. Give w(1).
16
Let j(g) = -g**2 + 301*g + 6429. What is j(-20)?
9
Let w(p) = p**3 - 176*p**2 + 853*p + 4. What is w(5)?
-6
Let g(c) = -1322*c - 9232. Calculate g(-7).
22
Let u(n) = 2*n**2 + 4*n - 112. Give u(-9).
14
Let z(u) = 4*u**2 + 164*u + 159. Give z(-1).
-1
Let b(i) = 2*i**2 - 16*i + 42. Calculate b(3).
12
Let t(w) = w**3 - 41*w**2 - 160*w - 901. Determine t(45).
-1
Let b(t) = 2*t**2 - 22*t - 764. Calculate b(25).
-64
Let p(q) = 51517*q + 103029. Give p(-2).
-5
Let f(a) = 16*a**3 - 3*a - 8. Give f(-2).
-130
Let q(l) = -3*l**2 - 49*l + 105. Determine q(-18).
15
Let n(k) = k**3 + 17*k**2 + 38*k + 3. Determine n(-2).
-13
Let q(h) = -4893*h + 225085. Calculate q(46).
7
Let c(m) = 4*m + 160. Determine c(-15).
100
Let d(q) = -12*q + 152. Give d(10).
32
Let d(c) = 607*c**2 + 4*c + 5. Determine d(-1).
608
Let i(w) = -10*w**2 + 247*w - 1450. Calculate i(15).
5
Let d(x) = x**3 + 5*x**2 + 6*x - 23. What is d(-4)?
-31
Let l(u) = -442*u + 7507. Give l(17).
-7
Let q(a) = -70*a - 873. Give q(-14).
107
Let n(k) = 35*k**2 - 6596*k + 3009. Give n(188).
1
Let o(i) = -3*i**2 - 423*i - 10. What is o(-141)?
-10
Let k(f) = 3*f**2 + 36*f - 1222. Calculate k(15).
-7
Let x(q) = -28*q + 36. Calculate x(2).
-20
Let y(n) = -39*n**2 + 133*n + 14. What is y(6)?
-592
Let c(r) = r**3 + 17*r**2 - 34*r + 26. Calculate c(-19).
-50
Let y(a) = 2*a**2 - 123*a - 101. Give y(62).
-39
Let z(b) = -525*b - 1552. Calculate z(-3).
23
Let w(h) = -70*h - 2484. What is w(-35)?
-34
Let v(r) = r**3 + 17*r**2 + 21*r - 405. What is v(-13)?
-2
Let p(t) = -31*t - 629. Determine p(-23).
84
Let d(u) = -1130*u + 10123. Determine d(9).
-47
Let k(h) = -2*h**3 - h**2 + 121*h + 8. What is k(-8)?
0
Let m(d) = d**2 - 29*d + 162. What is m(18)?
-36
Let o(b) = b**2 + 227*b - 925. What is o(4)?
-1
Let b(w) = 2*w**3 - 30*w**2 - 9. Give b(15).
-9
Let t(x) = -4*x**2 + 78*x + 159. Calculate t(-2).
-13
Let i(j) = 7*j - 26. Determine i(6).
16
Let j(f) = f**3 + 11*f**2 + 2*f + 29. Determine j(-13).
-335
Let u(h) = -h**3 + 21*h**2 + 12*h + 15. What is u(22)?
-205
Let o(h) = -h**2 + 69*h + 2477. Calculate o(-26).
7
Let f(x) = 2*x**2 + 90*x - 190. Calculate f(-47).
-2
Let g(t) = -40*t + 249. Determine g(5).
49
Let w(u) = -37*u**2 - 193*u - 36. Give w(-5).
4
Let g(k) = k**3 - 87*k**2 - 148*k - 2672. Determine g(89).
-2
Let q(d) = -d**3 - 137*d + 23. Give q(0).
23
Let y(i) = -i**3 - 7*i**2 + 100*i + 18. What is y(-14)?
-10
Let o(w) = -w**3 + 27*w**2 + 5*w - 189. Give o(27).
-54
Let h(w) = w**2 + 180*w - 2288. What is h(12)?
16
Let b(z) = -36*z + 395. What is b(11)?
-1
Let d(r) = r**2 - 23*r - 361. Determine d(28).
-221
Let q(a) = a**3 + 45*a**2 - 93*a + 54. Calculate q(-47).
7
Let a(j) = j**2 + 14*j - 27. What is a(-9)?
-72
Let a(z) = z**3 - 120*z**2 - 1303*z + 376. Determine a(130).
-14
Let x(l) = -8922*l - 44608. Determine x(-5).
2
Let u(x) = -5*x - 958. Determine u(-3).
-943
Let m(n) = -5*n**3 + 526*n**2 - 102*n - 314. Determine m(105).
1
Let b(i) = -94*i + 4224. Determine b(45).
-6
Let y(j) =